t is the value of 0 + (-27 - -43) + 7?
23
What is the value of (1 - 16) + -6 - (-13 + 12)?
-20
-34 + 6 + 35 + 1 + -36
-28
What is the value of 22 + (-33 - -2) + -1 + -1?
-11
Calculate 31 - (-9 - (-14 - 23)).
3
Calculate -3 + 11 + (-19 - -12).
1
What is (1 + 2 - (36 + -35)) + 11?
13
Evaluate 42 - (-7 + (3 - -5)).
41
What is the value of 2 + -50 + 29 + -6?
-25
22 - 9 - 5 - (0 - (-4 + 0))
4
14 - -28 - (-15 + 58)
-1
What is 13 + -6 - (15 + 2) - -7?
-3
What is -4 + 48 + -48 + (0 - -15)?
11
Evaluate 9 + -19 + -3 + (-9 - -9).
-13
What is -14 + 14 + (-13 - -23)?
10
What is (-41 - -27) + 22 + -27?
-19
-6 + (20 - (6 + 0)) - (-5 + 11)
2
Calculate -5 + (-5 - -1) - (-5 - 3).
-1
What is 1 + -17 + -1071 + 1082?
-5
Evaluate (0 - (-57 - -44)) + (-1 - -1 - -6).
19
Calculate 22 - (-16 + (60 - 25)).
3
Evaluate (-14 - -21) + -27 + 10.
-10
(-13 - (11 - 33)) + (-5 - 2)
2
Calculate (13 - 6) + -8 + 13.
12
What is the value of 11 + -2 - 3 - 18?
-12
What is (-6 - (-30 + 5)) + -9?
10
41 - (-1 + (6 - 9) + 22)
23
What is the value of 1729 + -1741 - ((-2 + 1 - 4) + -1)?
-6
What is the value of 2 + 1 + -2 - (5 + 2 + -12)?
6
Calculate (2 - 4) + -16 + 163 + -148.
-3
What is 10 + (-11 - -22) + -24?
-3
What is the value of -7 + 1 + (1 - 2)?
-7
Calculate 8 + 4 + -5 + -1 + -4.
2
Evaluate 0 - 0 - -1 - -5 - (299 + -274).
-19
Calculate -23 + (9 - (-38 - -16)).
8
What is the value of 18 - (13 - (26 - (25 - 17)))?
23
Evaluate (95 - 108) + (2 - (-2 + 0)).
-9
-5 + 1 - (23 + 2)
-29
Calculate -2 + (-1 + -5 - -7) + 7 + -17.
-11
Evaluate 57 + -70 + -3 + -1 - -8.
-9
-11 + 9 + 6 + -33
-29
(-1 - -6) + -8 + -11 + 12
-2
What is the value of (-3 - (-8 + 11)) + 11?
5
Evaluate -1 + 2 + -4 + 8 + 0 + 6.
11
What is the value of (11 + -16 - 1 - -9) + 18?
21
What is the value of 12 + -1 - -19 - 12?
18
What is the value of 2 - -4 - 11 - (-74 + 78)?
-9
-6 - (1 + (-3 - 2 - (-25 + 29)))
2
Evaluate 4 - (8 - (1 + -1)) - 6.
-10
What is -13 + (-1 - -1) + 23 - (27 - 1)?
-16
What is the value of -9 + ((-4 - -5) + 2 - 7)?
-13
What is the value of (78 - 74) + (2 - (-4 - -1 - -19))?
-10
Evaluate (-4 + 12 - 1) + -16 + 18 - -1.
10
What is the value of (-1 - 1) + 1 - (6 - (6 - -7))?
6
Calculate (53 - 48) + -12 + 0 - -13.
6
Calculate (0 - (-6 - 1) - 3) + -7 + -2.
-5
Evaluate (-11 - -36) + -36 - -17.
6
-5 + 1 + 286 + -277
5
Evaluate -83 - -101 - (2 - -23).
-7
Calculate 19 + 0 + 11 + -24.
6
Evaluate (0 - (-5 + -4)) + -4.
5
Calculate 1 + (-1 - -14 - 3 - 9).
2
What is the value of 1 + -9 - (1 + -9 + (52 - 45))?
-7
What is the value of 0 - (5 - (-13 - (0 - 3)) - 9)?
-6
Evaluate 1 - 9 - (170 + -189).
11
What is (0 - 7) + -25 + 28 + -23 + 34?
7
-3 + 8 + 2 + 1 + -10
-2
What is 42 + -8 + -14 + -7?
13
Evaluate 7 + -2 + (17 - 5 - (0 - -7)).
10
What is -37 + 46 + -45 + 12 + 5?
-19
(-52 - -32) + (-9 - -30)
1
What is the value of 30 + (-24 - 15) - (-2 + 1 - -8)?
-16
What is the value of 52 + -57 - ((0 - (-2 - -1)) + -16)?
10
Evaluate -13 + 12 + 1 - -2.
2
46 + -20 + -3 + -41
-18
What is the value of 12 + -16 + 3 - (-10 + -1 + -3)?
13
Evaluate (19 - (61 + -19)) + 12.
-11
What is the value of (-2 + 18 - (-13 - -17)) + -4?
8
Calculate -2 + 1 + (11 - 20) - -2.
-8
Evaluate -5 + (-14 - (-15 - -8)) + 2.
-10
Calculate (0 - 10) + -62 + 70.
-2
Calculate 0 + 3 - (28 - 14 - 10).
-1
Evaluate (10 - 8 - (6 + -4) - 2) + 7.
5
Calculate -18 - (12 + -65 + 33).
2
Evaluate -6 + (0 - (0 - 4 - (20 + -20))).
-2
What is 15 + (-1 + -5 - (3 - -7 - 10))?
9
Calculate -2 + 4 + -11 + (-14 - -22).
-1
What is the value of 13 + 23 - (78 + -57)?
15
Calculate 19 + -27 + 17 + 2 + -2 + 21.
30
-11 + 22 + (4 - (6 - 4) - 2)
11
What is -7 - (-1 - (-2 + 3 + -2) - 7)?
0
What is 10 + (-6 - -18 - 23) + -12?
-13
What is (2 - (-11 - (-27 - -2))) + -3?
-15
What is the value of -2 - (-1 + 0) - (-26 - -32)?
-7
What is the value of -1 + 37 + -18 + -8?
10
Evaluate 33 - (-29 + 28) - 36.
-2
What is the value of (7 - (8 - (9 - 20 - -8))) + -7?
-11
Calculate -7 + 31 - (7 - (3 + 7)).
27
What is the value of (-1 - (-6 - -44)) + 42?
3
Evaluate (-2 - -4 - 4) + -31 + 12.
-21
Calculate 4 + 1 + (-7 + 6 + 2 - -2).
8
What is the value of 9 - (8 - (4 + 1 + 1 + -3))?
4
Calculate 2 + (-2 - -3) + (12 - 22) + 8.
1
What is -1 + -7 + -31 + -13 + 2 + 32?
-18
What is the value of -2 - -5 - (175 + -172)?
0
What is the value of 0 - (-2 + -1) - (1 + 8) - -22?
16
What is 4 - (20 + -48 + 20)?
12
Calculate -5 + (12 - 19) + 2.
-10
What is -23 - 0 - (-4 + (11 - 22))?
-8
Evaluate 0 + -28 + (1607 - 1586).
-7
Evaluate (2 - 1) + -21 + (-49 - -41).
-28
9 - (-16 + 3) - 4
18
Evaluate -9 + (-25 - -42) + -6 + -1.
1
(2 + 2 - -5) + -4 + -43 + 18
-20
What is (5 - (-5 - -15)) + 2 + (-26 - -56)?
27
Evaluate 12 - (13 + -16 + 7).
8
Evaluate (-14 - (15 + -7 + -16)) + -1.
-7
What is (-5 - -4 - 3) + -7 + 3?
-8
What is 1 - ((-2 - -11) + -4)?
-4
-115 + 133 - (-5 + 60)
-37
0 - 3 - (-4 + -1 - (46 - 39))
9
Calculate -14 + -1 + 8 - (3 + 3).
-13
What is the value of 1 + 21 - (-124 - -136)?
10
(1 - 4) + (3 - 6) + -1
-7
What is the value of (-6 - (23 - 22)) + -2 + -4?
-13
Calculate 0 - 8 - (70 + -138 + 80).
-20
-3 - -10 - (61 - 78) - 2
22
What is the value of -2 - 8 - ((-23 - 6) + 10)?
9
Calculate 1 - (-1 + -8 + 21 - 9) - -5.
3
What is the value of 2 - (-2 + -1 + (-9 - -18) + 0)?
-4
What is -14 + (-9 - -16) - (6 - (6 + -6))?
-13
Evaluate (2 + -2 - -5) + 116 + -112.
9
Calculate 8 + -31 - (-4 - 22).
3
Calculate 9 - (19 + (9 - (6 - 1)) + 5).
-19
-11 + -8 + 12 + (-5 - 1)
-13
Evaluate -2 + -32 - (4 + 12 - 16).
-34
What is (1 - 4) + (37 - 33)?
1
What is (14 + 8 - -14) + -16?
20
What is 1 + 4 + 143 + -157 - -39?
30
What is 3 + 18 - (3 - (14 - (5 - 4)))?
31
Calculate (-3 - (3 - (-2 - -8))) + 1 + 4.
5
What is 38 - 13 - (-20 - -29)?
16
What is (-2 - -3) + 12 + (538 - 542)?
9
Calculate 388 + -384 - (-2 - (3 + 1)).
10
Evaluate 3 - (9 + 10 + 1).
-17
Evaluate 4 + (-25 - 2 - 2).
-25
Calculate -4 + (2 - 1 - -1 - (-143 - -139)).
2
What is the value of -2 - (-39 - -48 - (6 + 2))?
-3
What is the value of -14 - (-45 - -31) - 2?
-2
Calculate -13 + 41 + -8 + (12 - (3 + 4)).
25
Evaluate 11 + 4 + 7 - 8.
14
What is -12 - -18 - -4 - 1?
9
-7 - ((24 - 11) + -14)
-6
Evaluate 28 + -17 + -23 + 8 + -5.
-9
Calculate (2 - -2) + (97 - 83).
18
What is (5 - 12 - 3) + 15 + (1 - 8)?
-2
Calculate 38 - -22 - 49 - (2 - (-3 - -1)).
7
Calculate 1 + -1 + (-40 - -52 - (2 - -9)).
1
Calculate 21 + (5 - 18 - 11).
-3
What is the value of 11 + -11 + -9 + 10?
1
Evaluate 4 + -1 - (18 + -10) - -5.
0
-10 + 0 - 14 - -48
24
Evaluate -32 - (-4 - -14 - 47).
5
What is the value of (-10 - (-5 - -14)) + 18?
-1
Evaluate 27 - (3 + 14) - (0 - -3).
7
Evaluate (13 - 4 - (9 - 9)) + -10.
-1
What is -13 - (-15 + (-9 - -18)) - (-7 - 1)?
1
Evaluate (-1 - 1) + 3 + (-5 - (-32 + 29)).
-1
What is (51 - 13) + -11 + -1 + -3?
23
-2 - 8 - (0 + 7 + -8)
-9
(16 - (7 - -1)) + 5 + -1
12
(1579 - 1572) + (-3 - 0) + (-1 - -17)
20
Evaluate (-231 - -220) + (-2 - (0 + -16)).
3
Calculate 2 - (3 - 2) - -7 - -2.
10
Evaluate 1 - 6 - 2 - (15 + -11).
-11
Evaluate (14 - (-8 + 21 + -7)) + -5 + -1.
2
Calculate 10 + (1 - 4) + (4 - 8) - 2.
1
What is 5 - 15 - (-51 - -41)?
0
(1 - 1) + -184 + 204 + -2 + 5
23
What is the value of -17 - -9 - (36 - 19)?
-25
What is the value of (-112 - -117) + (0 - 1 - 3)?
1
What is -3 + (-3 - (27 + -37 + 1 + 0))?
3
-47 + 26 + -15 - -13
-23
Calculate -19 + (7 - 17) + 6 - (32 + -26).
-29
What is (6 - 8) + 1 + -12 + 3?
-10
Calculate 0 + 0 + 3 - (-21 - (2 - 13)).
13
3 - 0 - (-70 + 50 - -43)
-20
What is the value of 6 + 14 + -8 + -4 - (9 - 0)?
-1
What is the value of -26 + 11 + 16 + -12?
-11
What is -2 + -28 + -6 - (-4 - 12)?
-20
-11 + -1 + 0 - (306 - 306)
-12
What is 12 + (2 - (-4 - 1) - 4)?
15
Calculate 10 + (-13 - -8 - -4).
9
What is (-2 - -8) + (2 + 0 - (65 - 62))?
5
Calculate -11 - (-12 - (14 + (12 - 10))).
17
Calculate 13 + -24 + 9 + -3 - (0 + -8).
3
Calculate -7 + 19 + (5 - (-27 + 7)).
37
Evaluate 23 - 32 - (1 + -6).
-4
Calculate -27 + -1 - (119 + -118).
-29
Evaluate -16 + 14 - (-44 - -41).
1
What is the value of -15 - (-48 - -10 - -11)?
12
What is the value of 9 - 1 - (54 + -52 - (-5 + 14))?
15
Calculate (-8 + -3 + 10 - 19) + 8.
-12
What is 7 + (0 + 0 - 1) + -434 + 437?
9
What is the value of 39 + 35 + -52 + -53?
-31
What is the value of 38 - 31 - (7 - (-5 + 3))?
-2
What is the value of (-10 - -4 - (0 - -2))